{"id":605,"date":"2014-12-27T14:31:02","date_gmt":"2014-12-27T14:31:02","guid":{"rendered":"http:\/\/bugatelier.eu\/?page_id=605"},"modified":"2021-10-07T08:56:47","modified_gmt":"2021-10-07T08:56:47","slug":"pieces","status":"publish","type":"page","link":"https:\/\/bugatelier.eu\/?page_id=605","title":{"rendered":"Pi\u00e8ces"},"content":{"rendered":"<p><\/p>\n<div class=\"wp-block-cover has-background-dim-70 has-very-dark-gray-background-color has-background-dim\" style=\"background-image:url(http:\/\/bugatelier.eu\/wp-content\/uploads\/2021\/08\/page-produit-shop-1.png)\">\n<p class=\"wp-block-cover-text\">Cette page n&#8217;est plus mise \u00e0 jour !<br \/><a href=\"http:\/\/shop.bugatelier.eu\">Rendez-vous sur notre nouvelle boutique en ligne.<\/a><\/p>\n<\/div>\n<p><\/p>\n<div class='grid_4 alpha'>\n<p><p class='promo_text'>La visserie<\/p><br \/>\n<a href=\"http:\/\/bugatelier.eu\/?page_id=581\"><img decoding=\"async\" loading=\"lazy\" class=\"alignnone wp-image-1244 size-medium\" src=\"http:\/\/bugatelier.eu\/wp-content\/uploads\/2014\/12\/assortiment_vis-300x193.jpg\" alt=\"assortiment_vis\" width=\"300\" height=\"193\" srcset=\"https:\/\/bugatelier.eu\/wp-content\/uploads\/2014\/12\/assortiment_vis-300x193.jpg 300w, https:\/\/bugatelier.eu\/wp-content\/uploads\/2014\/12\/assortiment_vis-642x413.jpg 642w, https:\/\/bugatelier.eu\/wp-content\/uploads\/2014\/12\/assortiment_vis.jpg 800w\" sizes=\"(max-width: 300px) 100vw, 300px\" \/><\/a><br \/>\n<strong>Bugatelier<\/strong> vous propose l&#8217;essentiel de la&nbsp;visserie conforme aux plans&nbsp;Bugatti.<br \/>\n<a href=\"http:\/\/bugatelier.eu\/?page_id=581\" target=\"_blank\" rel=\"noopener noreferrer\">Le d\u00e9tail est ici<\/a><\/p>\n<\/div>\n<div class='grid_2 alpha'>\n<\/div>\n<div class='grid_4 omega'>\n<p><p class='promo_text'>Les raccords d&#8217;huile<\/p><br \/>\n<a href=\"http:\/\/bugatelier.eu\/?page_id=3409\"><img decoding=\"async\" loading=\"lazy\" class=\"alignnone wp-image-3373 size-medium\" src=\"http:\/\/bugatelier.eu\/wp-content\/uploads\/2017\/09\/assortiments-300x225.jpg\" alt=\"\" width=\"300\" height=\"193\"><\/a><br \/>\n<strong>Bugatelier<\/strong> tient en stock les raccords d&#8217;huile sp\u00e9cifiques \u00e0 Bugatti<br \/>\n<a href=\"http:\/\/bugatelier.eu\/?page_id=3409\" target=\"_blank\" rel=\"noopener noreferrer\">Le d\u00e9tail est ici<\/a><\/p>\n<\/div>\n<div class='clear'><\/div>\n<div class='grid_4 alpha'>\n<p class='promo_text'>Les pi\u00e8ces refabriqu\u00e9es<\/p>\n<p><a href=\"http:\/\/bugatelier.eu\/?page_id=5377\"><img decoding=\"async\" loading=\"lazy\" class=\"alignnone wp-image-2816 size-medium\" src=\"http:\/\/bugatelier.eu\/wp-content\/uploads\/2015\/09\/melting-pot-pi\u00e8ces-300x210.jpg\" alt=\"\" width=\"300\" height=\"210\" data-wp-editing=\"1\" srcset=\"https:\/\/bugatelier.eu\/wp-content\/uploads\/2015\/09\/melting-pot-pi\u00e8ces-300x210.jpg 300w, https:\/\/bugatelier.eu\/wp-content\/uploads\/2015\/09\/melting-pot-pi\u00e8ces-768x539.jpg 768w, https:\/\/bugatelier.eu\/wp-content\/uploads\/2015\/09\/melting-pot-pi\u00e8ces-974x683.jpg 974w, https:\/\/bugatelier.eu\/wp-content\/uploads\/2015\/09\/melting-pot-pi\u00e8ces-642x450.jpg 642w, https:\/\/bugatelier.eu\/wp-content\/uploads\/2015\/09\/melting-pot-pi\u00e8ces-978x686.jpg 978w, https:\/\/bugatelier.eu\/wp-content\/uploads\/2015\/09\/melting-pot-pi\u00e8ces.jpg 1024w\" sizes=\"(max-width: 300px) 100vw, 300px\" \/><\/a><br \/>\nCes pi\u00e8ces sont de tr\u00e8s belle facture et totalement conformes aux sp\u00e9cifications d&#8217;origine, elles sont livr\u00e9es soit brutes de fonderie, soit usin\u00e9es \u00e0 votre choix.<br \/>\n<a href=\"http:\/\/bugatelier.eu\/?page_id=5377\" target=\"_blank\" rel=\"noopener noreferrer\">Le d\u00e9tail est ici<\/a><\/p>\n<\/div>\n<div class='grid_2 alpha'>\n<\/div>\n<div class='grid_4 omega'>\n<p class='promo_text'>Les consommables<\/p>\n<p><a href=\"http:\/\/bugatelier.eu\/?page_id=3516\" target=\"_blank\" rel=\"noopener noreferrer\"><img decoding=\"async\" loading=\"lazy\" class=\"alignnone wp-image-3515 size-medium\" src=\"http:\/\/bugatelier.eu\/wp-content\/uploads\/2017\/09\/assortiment_bougies-300x225.jpg\" alt=\"\" width=\"300\" height=\"225\" srcset=\"https:\/\/bugatelier.eu\/wp-content\/uploads\/2017\/09\/assortiment_bougies-300x225.jpg 300w, https:\/\/bugatelier.eu\/wp-content\/uploads\/2017\/09\/assortiment_bougies-768x576.jpg 768w, https:\/\/bugatelier.eu\/wp-content\/uploads\/2017\/09\/assortiment_bougies-642x482.jpg 642w, https:\/\/bugatelier.eu\/wp-content\/uploads\/2017\/09\/assortiment_bougies.jpg 800w\" sizes=\"(max-width: 300px) 100vw, 300px\" \/><\/a><br \/>\n<strong>Bugatelier<\/strong> vous propose \u00e9galement toute une s\u00e9rie de consommables utiles pour votre Bugatti<br \/>\n<a href=\"http:\/\/bugatelier.eu\/?page_id=3516\" target=\"_blank\" rel=\"noopener noreferrer\">Le d\u00e9tail est ici<\/a><\/p>\n<\/div>\n<div class='clear'><\/div>\n","protected":false},"excerpt":{"rendered":"<p>Bugatelier vous propose l&#8217;essentiel de la&nbsp;visserie conforme aux plans&nbsp;Bugatti. Le d\u00e9tail est ici Bugatelier tient en stock les raccords d&#8217;huile sp\u00e9cifiques \u00e0 Bugatti Le d\u00e9tail est ici Ces pi\u00e8ces sont de tr\u00e8s belle facture et totalement conformes aux sp\u00e9cifications d&#8217;origine, elles sont livr\u00e9es soit brutes de fonderie, soit usin\u00e9es \u00e0 votre choix. Le d\u00e9tail est [&hellip;]<\/p>\n","protected":false},"author":1,"featured_media":0,"parent":0,"menu_order":0,"comment_status":"closed","ping_status":"closed","template":"page-fullwidth.php","meta":[],"_links":{"self":[{"href":"https:\/\/bugatelier.eu\/index.php?rest_route=\/wp\/v2\/pages\/605"}],"collection":[{"href":"https:\/\/bugatelier.eu\/index.php?rest_route=\/wp\/v2\/pages"}],"about":[{"href":"https:\/\/bugatelier.eu\/index.php?rest_route=\/wp\/v2\/types\/page"}],"author":[{"embeddable":true,"href":"https:\/\/bugatelier.eu\/index.php?rest_route=\/wp\/v2\/users\/1"}],"replies":[{"embeddable":true,"href":"https:\/\/bugatelier.eu\/index.php?rest_route=%2Fwp%2Fv2%2Fcomments&post=605"}],"version-history":[{"count":51,"href":"https:\/\/bugatelier.eu\/index.php?rest_route=\/wp\/v2\/pages\/605\/revisions"}],"predecessor-version":[{"id":7273,"href":"https:\/\/bugatelier.eu\/index.php?rest_route=\/wp\/v2\/pages\/605\/revisions\/7273"}],"wp:attachment":[{"href":"https:\/\/bugatelier.eu\/index.php?rest_route=%2Fwp%2Fv2%2Fmedia&parent=605"}],"curies":[{"name":"wp","href":"https:\/\/api.w.org\/{rel}","templated":true}]}}