{"id":5377,"date":"2019-03-14T08:48:32","date_gmt":"2019-03-14T08:48:32","guid":{"rendered":"http:\/\/bugatelier.eu\/?page_id=5377"},"modified":"2020-11-24T09:05:09","modified_gmt":"2020-11-24T09:05:09","slug":"nouveau4-pieces-neuves","status":"publish","type":"page","link":"https:\/\/bugatelier.eu\/?page_id=5377","title":{"rendered":"Pi\u00e8ces neuves"},"content":{"rendered":"<p><\/p>\n<p> Bugatelier vous propose des pi\u00e8ces refabriqu\u00e9es pour le <strong><a href=\"http:\/\/bugatelier.eu\/?page_id=5549\">moteur,<\/a> <a href=\"http:\/\/bugatelier.eu\/?page_id=5512\"> l&#8217;embrayage,<\/a> <a href=\"http:\/\/bugatelier.eu\/?page_id=5562\"> la boite de vitesse,<\/a> <a href=\"http:\/\/bugatelier.eu\/?page_id=5565\"> l&#8217;essieu avant,<\/a> <a href=\"http:\/\/bugatelier.eu\/?page_id=5559\"> le ch\u00e2ssis<\/a><\/strong> o\u00f9 encore <strong> <a href=\"http:\/\/bugatelier.eu\/?page_id=5554\"> le pont arri\u00e8re <\/a><\/strong>. De tr\u00e8s belle facture et totalement conformes aux sp\u00e9cifications d&#8217;origine, elles sont livr\u00e9es soit brutes de fonderie, soit usin\u00e9es pr\u00eates \u00e0 monter. <\/p>\n<p><\/p>\n<p><\/p>\n<p>Prix et d\u00e9tails sur demande:   <strong>T\u00e9l\u00e9phone +33 6 74 44 74 59<\/strong>  ou <strong><a href=\"mailto:info@bugatelier.eu\">mail<\/a><\/strong> ou <a href=\"http:\/\/bugatelier.eu\/?page_id=372\"><strong>contact<\/strong><\/a><\/p>\n<p><\/p>\n<p><\/p>\n<table class=\"wp-block-table aligncenter is-style-regular\">\n<tbody>\n<tr>\n<td><a href=\"http:\/\/bugatelier.eu\/?page_id=5554\"><img decoding=\"async\" loading=\"lazy\" width=\"320\" height=\"260\" class=\"wp-image-5382\" style=\"width: 250px;\" src=\"http:\/\/bugatelier.eu\/wp-content\/uploads\/2019\/03\/p1.jpg\" alt=\"\" srcset=\"https:\/\/bugatelier.eu\/wp-content\/uploads\/2019\/03\/p1.jpg 320w, https:\/\/bugatelier.eu\/wp-content\/uploads\/2019\/03\/p1-300x244.jpg 300w\" sizes=\"(max-width: 320px) 100vw, 320px\" \/><\/a><\/td>\n<td><img decoding=\"async\" loading=\"lazy\" width=\"10\" height=\"10\" class=\"wp-image-5635\" style=\"width: 10px;\" src=\"http:\/\/bugatelier.eu\/wp-content\/uploads\/2019\/03\/vide_10x10.jpg\" alt=\"\"><\/td>\n<td><a href=\"http:\/\/bugatelier.eu\/?page_id=5512\"><img decoding=\"async\" loading=\"lazy\" width=\"320\" height=\"260\" class=\"wp-image-5383\" style=\"width: 250px;\" src=\"http:\/\/bugatelier.eu\/wp-content\/uploads\/2019\/03\/P2.jpg\" alt=\"\" srcset=\"https:\/\/bugatelier.eu\/wp-content\/uploads\/2019\/03\/P2.jpg 320w, https:\/\/bugatelier.eu\/wp-content\/uploads\/2019\/03\/P2-300x244.jpg 300w\" sizes=\"(max-width: 320px) 100vw, 320px\" \/><\/a><\/td>\n<td><img decoding=\"async\" loading=\"lazy\" width=\"10\" height=\"10\" class=\"wp-image-5635\" style=\"width: 10px;\" src=\"http:\/\/bugatelier.eu\/wp-content\/uploads\/2019\/03\/vide_10x10.jpg\" alt=\"\"><\/td>\n<td><a href=\"http:\/\/bugatelier.eu\/?page_id=5549\"><img decoding=\"async\" loading=\"lazy\" width=\"320\" height=\"260\" class=\"wp-image-5395\" style=\"width: 250px;\" src=\"http:\/\/bugatelier.eu\/wp-content\/uploads\/2019\/03\/P3-1.jpg\" alt=\"\" srcset=\"https:\/\/bugatelier.eu\/wp-content\/uploads\/2019\/03\/P3-1.jpg 320w, https:\/\/bugatelier.eu\/wp-content\/uploads\/2019\/03\/P3-1-300x244.jpg 300w\" sizes=\"(max-width: 320px) 100vw, 320px\" \/><\/a><\/td>\n<\/tr>\n<tr>\n<td><a href=\"http:\/\/bugatelier.eu\/?page_id=5559\"><img decoding=\"async\" loading=\"lazy\" width=\"320\" height=\"260\" class=\"wp-image-5391\" style=\"width: 250px;\" src=\"http:\/\/bugatelier.eu\/wp-content\/uploads\/2019\/03\/P4.jpg\" alt=\"\" srcset=\"https:\/\/bugatelier.eu\/wp-content\/uploads\/2019\/03\/P4.jpg 320w, https:\/\/bugatelier.eu\/wp-content\/uploads\/2019\/03\/P4-300x244.jpg 300w\" sizes=\"(max-width: 320px) 100vw, 320px\" \/><\/a><\/td>\n<td><\/td>\n<td><a href=\"http:\/\/bugatelier.eu\/?page_id=5562\"><img decoding=\"async\" loading=\"lazy\" width=\"320\" height=\"260\" class=\"wp-image-5392\" style=\"width: 250px;\" src=\"http:\/\/bugatelier.eu\/wp-content\/uploads\/2019\/03\/P5.jpg\" alt=\"\" srcset=\"https:\/\/bugatelier.eu\/wp-content\/uploads\/2019\/03\/P5.jpg 320w, https:\/\/bugatelier.eu\/wp-content\/uploads\/2019\/03\/P5-300x244.jpg 300w\" sizes=\"(max-width: 320px) 100vw, 320px\" \/><\/a><\/td>\n<td><\/td>\n<td><a href=\"http:\/\/bugatelier.eu\/?page_id=5565\"><img decoding=\"async\" loading=\"lazy\" width=\"320\" height=\"260\" class=\"wp-image-5393\" style=\"width: 250px;\" src=\"http:\/\/bugatelier.eu\/wp-content\/uploads\/2019\/03\/P6.jpg\" alt=\"\" srcset=\"https:\/\/bugatelier.eu\/wp-content\/uploads\/2019\/03\/P6.jpg 320w, https:\/\/bugatelier.eu\/wp-content\/uploads\/2019\/03\/P6-300x244.jpg 300w\" sizes=\"(max-width: 320px) 100vw, 320px\" \/><\/a><\/td>\n<\/tr>\n<\/tbody>\n<\/table>\n<p><\/p>\n","protected":false},"excerpt":{"rendered":"<p>Bugatelier vous propose des pi\u00e8ces refabriqu\u00e9es pour le moteur, l&#8217;embrayage, la boite de vitesse, l&#8217;essieu avant, le ch\u00e2ssis o\u00f9 encore le pont arri\u00e8re . De tr\u00e8s belle facture et totalement conformes aux sp\u00e9cifications d&#8217;origine, elles sont livr\u00e9es soit brutes de fonderie, soit usin\u00e9es pr\u00eates \u00e0 monter. Prix et d\u00e9tails sur demande: T\u00e9l\u00e9phone +33 6 74 [&hellip;]<\/p>\n","protected":false},"author":2,"featured_media":0,"parent":0,"menu_order":0,"comment_status":"closed","ping_status":"closed","template":"page-fullwidth.php","meta":[],"_links":{"self":[{"href":"https:\/\/bugatelier.eu\/index.php?rest_route=\/wp\/v2\/pages\/5377"}],"collection":[{"href":"https:\/\/bugatelier.eu\/index.php?rest_route=\/wp\/v2\/pages"}],"about":[{"href":"https:\/\/bugatelier.eu\/index.php?rest_route=\/wp\/v2\/types\/page"}],"author":[{"embeddable":true,"href":"https:\/\/bugatelier.eu\/index.php?rest_route=\/wp\/v2\/users\/2"}],"replies":[{"embeddable":true,"href":"https:\/\/bugatelier.eu\/index.php?rest_route=%2Fwp%2Fv2%2Fcomments&post=5377"}],"version-history":[{"count":72,"href":"https:\/\/bugatelier.eu\/index.php?rest_route=\/wp\/v2\/pages\/5377\/revisions"}],"predecessor-version":[{"id":5667,"href":"https:\/\/bugatelier.eu\/index.php?rest_route=\/wp\/v2\/pages\/5377\/revisions\/5667"}],"wp:attachment":[{"href":"https:\/\/bugatelier.eu\/index.php?rest_route=%2Fwp%2Fv2%2Fmedia&parent=5377"}],"curies":[{"name":"wp","href":"https:\/\/api.w.org\/{rel}","templated":true}]}}