{"id":4091,"date":"2017-10-29T21:22:59","date_gmt":"2017-10-29T21:22:59","guid":{"rendered":"http:\/\/bugatelier.eu\/?page_id=4091"},"modified":"2019-03-05T08:53:25","modified_gmt":"2019-03-05T08:53:25","slug":"news-3","status":"publish","type":"page","link":"https:\/\/bugatelier.eu\/?page_id=4091","title":{"rendered":"News"},"content":{"rendered":"<div id=\"js_x\" class=\"_5pbx userContent _3576\" data-ft=\"{&quot;tn&quot;:&quot;K&quot;}\">\n<h3><span id=\"result_box\" class=\"\" lang=\"de\"><span class=\"\">Gewinner des Festivals 2017 in Molsheim: Bugatelier auf dem Podium?<\/span><\/span><\/h3>\n<div id=\"gt-res-content\">\n<div id=\"gt-res-dir-ctr\" class=\"trans-verified-button-small\" dir=\"ltr\"><span id=\"result_box\" class=\"\" lang=\"de\"><span class=\"\">Offiziell nein, aber wenn mann genauer hinschaut &#8230;<\/span><br \/>\n<span class=\"\">Troph\u00e4e der Bugatti-Stiftung: 1. Preis f\u00fcr den 57414 &#8230; im Bugatelier repariert.<\/span><span class=\"_5mfr _47e3\"><img decoding=\"async\" loading=\"lazy\" class=\"img\" role=\"presentation\" src=\"https:\/\/static.xx.fbcdn.net\/images\/emoji.php\/v9\/f57\/1\/16\/1f609.png\" alt=\"\" width=\"16\" height=\"16\"><span class=\"_7oe\">&#x1f609;<\/span><\/span><br \/>\n<span class=\"\">Lalique Trophy: 1. Preis f\u00fcr den 38221 &#8230; im&nbsp; Bugatelier unterhaltet.&#x1f609;<\/span><br \/>\n<span class=\"\">Damen-Cup: 1. Preis f\u00fcr den 44547, im Bugatelier restauriert.<span class=\"_5mfr _47e3\"><img decoding=\"async\" loading=\"lazy\" class=\"img\" role=\"presentation\" src=\"https:\/\/static.xx.fbcdn.net\/images\/emoji.php\/v9\/f7f\/1\/16\/1f60a.png\" alt=\"\" width=\"16\" height=\"16\"><span class=\"_7oe\">&#x1f60a;<\/span><\/span><\/span><\/span><\/div>\n<\/div>\n<p>&nbsp;<\/p>\n<\/div>\n<p><\/p>\n<div class=\"wp-block-image\">\n<figure class=\"aligncenter\"><img decoding=\"async\" loading=\"lazy\" width=\"960\" height=\"636\" src=\"http:\/\/bugatelier.eu\/wp-content\/uploads\/2019\/03\/57festival.jpg\" alt=\"\" class=\"wp-image-5250\" srcset=\"https:\/\/bugatelier.eu\/wp-content\/uploads\/2019\/03\/57festival.jpg 960w, https:\/\/bugatelier.eu\/wp-content\/uploads\/2019\/03\/57festival-300x199.jpg 300w, https:\/\/bugatelier.eu\/wp-content\/uploads\/2019\/03\/57festival-768x509.jpg 768w, https:\/\/bugatelier.eu\/wp-content\/uploads\/2019\/03\/57festival-642x425.jpg 642w\" sizes=\"(max-width: 960px) 100vw, 960px\" \/><\/figure>\n<\/div>\n<p><\/p>\n<p><\/p>\n<div class=\"wp-block-image\">\n<figure class=\"aligncenter\"><img decoding=\"async\" loading=\"lazy\" width=\"960\" height=\"636\" src=\"http:\/\/bugatelier.eu\/wp-content\/uploads\/2019\/03\/38festival.jpg\" alt=\"\" class=\"wp-image-5252\" srcset=\"https:\/\/bugatelier.eu\/wp-content\/uploads\/2019\/03\/38festival.jpg 960w, https:\/\/bugatelier.eu\/wp-content\/uploads\/2019\/03\/38festival-300x199.jpg 300w, https:\/\/bugatelier.eu\/wp-content\/uploads\/2019\/03\/38festival-768x509.jpg 768w, https:\/\/bugatelier.eu\/wp-content\/uploads\/2019\/03\/38festival-642x425.jpg 642w\" sizes=\"(max-width: 960px) 100vw, 960px\" \/><\/figure>\n<\/div>\n<p><\/p>\n<p><\/p>\n<div class=\"wp-block-image\">\n<figure class=\"aligncenter\"><img decoding=\"async\" loading=\"lazy\" width=\"960\" height=\"636\" src=\"http:\/\/bugatelier.eu\/wp-content\/uploads\/2019\/03\/44festival-2.jpg\" alt=\"\" class=\"wp-image-5260\" srcset=\"https:\/\/bugatelier.eu\/wp-content\/uploads\/2019\/03\/44festival-2.jpg 960w, https:\/\/bugatelier.eu\/wp-content\/uploads\/2019\/03\/44festival-2-300x199.jpg 300w, https:\/\/bugatelier.eu\/wp-content\/uploads\/2019\/03\/44festival-2-768x509.jpg 768w, https:\/\/bugatelier.eu\/wp-content\/uploads\/2019\/03\/44festival-2-642x425.jpg 642w\" sizes=\"(max-width: 960px) 100vw, 960px\" \/><\/figure>\n<\/div>\n<p><\/p>\n","protected":false},"excerpt":{"rendered":"<p>Gewinner des Festivals 2017 in Molsheim: Bugatelier auf dem Podium? Offiziell nein, aber wenn mann genauer hinschaut &#8230; Troph\u00e4e der Bugatti-Stiftung: 1. Preis f\u00fcr den 57414 &#8230; im Bugatelier repariert.&#x1f609; Lalique Trophy: 1. Preis f\u00fcr den 38221 &#8230; im&nbsp; Bugatelier unterhaltet.&#x1f609; Damen-Cup: 1. Preis f\u00fcr den 44547, im Bugatelier restauriert.&#x1f60a; &nbsp;<\/p>\n","protected":false},"author":2,"featured_media":0,"parent":0,"menu_order":0,"comment_status":"closed","ping_status":"closed","template":"page-fullwidth.php","meta":[],"_links":{"self":[{"href":"https:\/\/bugatelier.eu\/index.php?rest_route=\/wp\/v2\/pages\/4091"}],"collection":[{"href":"https:\/\/bugatelier.eu\/index.php?rest_route=\/wp\/v2\/pages"}],"about":[{"href":"https:\/\/bugatelier.eu\/index.php?rest_route=\/wp\/v2\/types\/page"}],"author":[{"embeddable":true,"href":"https:\/\/bugatelier.eu\/index.php?rest_route=\/wp\/v2\/users\/2"}],"replies":[{"embeddable":true,"href":"https:\/\/bugatelier.eu\/index.php?rest_route=%2Fwp%2Fv2%2Fcomments&post=4091"}],"version-history":[{"count":2,"href":"https:\/\/bugatelier.eu\/index.php?rest_route=\/wp\/v2\/pages\/4091\/revisions"}],"predecessor-version":[{"id":5276,"href":"https:\/\/bugatelier.eu\/index.php?rest_route=\/wp\/v2\/pages\/4091\/revisions\/5276"}],"wp:attachment":[{"href":"https:\/\/bugatelier.eu\/index.php?rest_route=%2Fwp%2Fv2%2Fmedia&parent=4091"}],"curies":[{"name":"wp","href":"https:\/\/api.w.org\/{rel}","templated":true}]}}