{"id":3127,"date":"2017-04-07T10:10:21","date_gmt":"2017-04-07T10:10:21","guid":{"rendered":"http:\/\/bugatelier.eu\/?page_id=3127"},"modified":"2017-11-09T16:42:59","modified_gmt":"2017-11-09T16:42:59","slug":"amortisseur-telereglable-repusseau","status":"publish","type":"page","link":"https:\/\/bugatelier.eu\/?page_id=3127","title":{"rendered":"Amortisseur t\u00e9l\u00e9r\u00e8glable Repusseau"},"content":{"rendered":"<p><img decoding=\"async\" loading=\"lazy\" class=\"aligncenter wp-image-3314 size-medium\" src=\"http:\/\/bugatelier.eu\/wp-content\/uploads\/2017\/04\/repusseau_remonte-300x225.jpg\" alt=\"\" width=\"300\" height=\"225\" srcset=\"https:\/\/bugatelier.eu\/wp-content\/uploads\/2017\/04\/repusseau_remonte-300x225.jpg 300w, https:\/\/bugatelier.eu\/wp-content\/uploads\/2017\/04\/repusseau_remonte-768x576.jpg 768w, https:\/\/bugatelier.eu\/wp-content\/uploads\/2017\/04\/repusseau_remonte-642x482.jpg 642w, https:\/\/bugatelier.eu\/wp-content\/uploads\/2017\/04\/repusseau_remonte.jpg 800w\" sizes=\"(max-width: 300px) 100vw, 300px\" \/><\/p>\n<div class='grid_2 alpha'>\n<p><a href=\"http:\/\/bugatelier.eu\/wp-content\/uploads\/2017\/04\/demontage_repusseau2.jpg\"><img decoding=\"async\" loading=\"lazy\" class=\"alignnone size-thumbnail wp-image-3140\" src=\"http:\/\/bugatelier.eu\/wp-content\/uploads\/2017\/04\/demontage_repusseau2-150x150.jpg\" alt=\"\" width=\"150\" height=\"150\" srcset=\"https:\/\/bugatelier.eu\/wp-content\/uploads\/2017\/04\/demontage_repusseau2-150x150.jpg 150w, https:\/\/bugatelier.eu\/wp-content\/uploads\/2017\/04\/demontage_repusseau2-125x125.jpg 125w\" sizes=\"(max-width: 150px) 100vw, 150px\" \/><\/a><\/p>\n<\/div>\n<div class='grid_2 alpha'>\n<p><a href=\"http:\/\/bugatelier.eu\/wp-content\/uploads\/2017\/04\/demontage_repusseau3.jpg\"><img decoding=\"async\" loading=\"lazy\" class=\"alignnone size-thumbnail wp-image-3141\" src=\"http:\/\/bugatelier.eu\/wp-content\/uploads\/2017\/04\/demontage_repusseau3-150x150.jpg\" alt=\"\" width=\"150\" height=\"150\" srcset=\"https:\/\/bugatelier.eu\/wp-content\/uploads\/2017\/04\/demontage_repusseau3-150x150.jpg 150w, https:\/\/bugatelier.eu\/wp-content\/uploads\/2017\/04\/demontage_repusseau3-125x125.jpg 125w\" sizes=\"(max-width: 150px) 100vw, 150px\" \/><\/a><\/p>\n<\/div>\n<div class='grid_2 alpha'>\n<p><a href=\"http:\/\/bugatelier.eu\/wp-content\/uploads\/2017\/04\/cadran-sale.jpg\"><img decoding=\"async\" loading=\"lazy\" class=\"alignnone size-thumbnail wp-image-3138\" src=\"http:\/\/bugatelier.eu\/wp-content\/uploads\/2017\/04\/cadran-sale-150x150.jpg\" alt=\"\" width=\"150\" height=\"150\" srcset=\"https:\/\/bugatelier.eu\/wp-content\/uploads\/2017\/04\/cadran-sale-150x150.jpg 150w, https:\/\/bugatelier.eu\/wp-content\/uploads\/2017\/04\/cadran-sale-125x125.jpg 125w\" sizes=\"(max-width: 150px) 100vw, 150px\" \/><\/a><\/p>\n<\/div>\n<div class='grid_2 alpha'>\n<p><a href=\"http:\/\/bugatelier.eu\/wp-content\/uploads\/2017\/04\/cadran-demonte5.jpg\"><img decoding=\"async\" loading=\"lazy\" class=\"alignnone size-thumbnail wp-image-3136\" src=\"http:\/\/bugatelier.eu\/wp-content\/uploads\/2017\/04\/cadran-demonte5-150x150.jpg\" alt=\"\" width=\"150\" height=\"150\" srcset=\"https:\/\/bugatelier.eu\/wp-content\/uploads\/2017\/04\/cadran-demonte5-150x150.jpg 150w, https:\/\/bugatelier.eu\/wp-content\/uploads\/2017\/04\/cadran-demonte5-125x125.jpg 125w\" sizes=\"(max-width: 150px) 100vw, 150px\" \/><\/a><\/p>\n<\/div>\n<div class='grid_3 alpha'>\n<p><a href=\"http:\/\/bugatelier.eu\/wp-content\/uploads\/2017\/04\/cadran-demonte4.jpg\"><img decoding=\"async\" loading=\"lazy\" class=\"alignnone size-thumbnail wp-image-3135\" src=\"http:\/\/bugatelier.eu\/wp-content\/uploads\/2017\/04\/cadran-demonte4-150x150.jpg\" alt=\"\" width=\"150\" height=\"150\" srcset=\"https:\/\/bugatelier.eu\/wp-content\/uploads\/2017\/04\/cadran-demonte4-150x150.jpg 150w, https:\/\/bugatelier.eu\/wp-content\/uploads\/2017\/04\/cadran-demonte4-125x125.jpg 125w\" sizes=\"(max-width: 150px) 100vw, 150px\" \/><\/a><\/p>\n<\/div>\n<div class='clear'><\/div>\n<div class='grid_2 alpha'>\n<p><img decoding=\"async\" loading=\"lazy\" class=\"alignnone size-thumbnail wp-image-3133\" src=\"http:\/\/bugatelier.eu\/wp-content\/uploads\/2017\/04\/cadran-demonte2-e1491560030754-150x150.jpg\" alt=\"\" width=\"150\" height=\"150\" srcset=\"https:\/\/bugatelier.eu\/wp-content\/uploads\/2017\/04\/cadran-demonte2-e1491560030754-150x150.jpg 150w, https:\/\/bugatelier.eu\/wp-content\/uploads\/2017\/04\/cadran-demonte2-e1491560030754-125x125.jpg 125w\" sizes=\"(max-width: 150px) 100vw, 150px\" \/><\/p>\n<\/div>\n<div class='grid_2 alpha'>\n<p><a href=\"http:\/\/bugatelier.eu\/wp-content\/uploads\/2017\/04\/gros-plan-e1491557879756.jpg\"><img decoding=\"async\" loading=\"lazy\" class=\"alignnone wp-image-3142 size-thumbnail\" src=\"http:\/\/bugatelier.eu\/wp-content\/uploads\/2017\/04\/gros-plan-e1491557879756-150x150.jpg\" alt=\"\" width=\"150\" height=\"150\" srcset=\"https:\/\/bugatelier.eu\/wp-content\/uploads\/2017\/04\/gros-plan-e1491557879756-150x150.jpg 150w, https:\/\/bugatelier.eu\/wp-content\/uploads\/2017\/04\/gros-plan-e1491557879756-125x125.jpg 125w\" sizes=\"(max-width: 150px) 100vw, 150px\" \/><\/a><\/p>\n<\/div>\n<div class='grid_2 alpha'>\n<p><a href=\"http:\/\/bugatelier.eu\/wp-content\/uploads\/2017\/04\/cadran-propre-1.jpg\"><img decoding=\"async\" loading=\"lazy\" class=\"alignnone wp-image-3328 size-thumbnail\" src=\"http:\/\/bugatelier.eu\/wp-content\/uploads\/2017\/04\/cadran-propre-1-150x150.jpg\" alt=\"\" width=\"150\" height=\"150\" srcset=\"https:\/\/bugatelier.eu\/wp-content\/uploads\/2017\/04\/cadran-propre-1-150x150.jpg 150w, https:\/\/bugatelier.eu\/wp-content\/uploads\/2017\/04\/cadran-propre-1-125x125.jpg 125w\" sizes=\"(max-width: 150px) 100vw, 150px\" \/><\/a><\/p>\n<\/div>\n<div class='grid_2 alpha'>\n<p><a href=\"http:\/\/bugatelier.eu\/wp-content\/uploads\/2017\/04\/piece_refaite2.jpg\"><img decoding=\"async\" loading=\"lazy\" class=\"alignnone size-thumbnail wp-image-3144\" src=\"http:\/\/bugatelier.eu\/wp-content\/uploads\/2017\/04\/piece_refaite2-150x150.jpg\" alt=\"\" width=\"150\" height=\"150\" srcset=\"https:\/\/bugatelier.eu\/wp-content\/uploads\/2017\/04\/piece_refaite2-150x150.jpg 150w, https:\/\/bugatelier.eu\/wp-content\/uploads\/2017\/04\/piece_refaite2-125x125.jpg 125w\" sizes=\"(max-width: 150px) 100vw, 150px\" \/><\/a><\/p>\n<\/div>\n<div class='grid_2 alpha'>\n<div id=\"attachment_3313\" style=\"width: 160px\" class=\"wp-caption alignnone\"><a href=\"http:\/\/bugatelier.eu\/wp-content\/uploads\/2017\/04\/agrafe-refaite.jpg\"><img aria-describedby=\"caption-attachment-3313\" decoding=\"async\" loading=\"lazy\" class=\"wp-image-3313 size-thumbnail\" src=\"http:\/\/bugatelier.eu\/wp-content\/uploads\/2017\/04\/agrafe-refaite-150x150.jpg\" alt=\"\" width=\"150\" height=\"150\" srcset=\"https:\/\/bugatelier.eu\/wp-content\/uploads\/2017\/04\/agrafe-refaite-150x150.jpg 150w, https:\/\/bugatelier.eu\/wp-content\/uploads\/2017\/04\/agrafe-refaite-125x125.jpg 125w\" sizes=\"(max-width: 150px) 100vw, 150px\" \/><\/a><p id=\"caption-attachment-3313\" class=\"wp-caption-text\">Agrafe de maintien de c\u00e2ble refabriqu\u00e9e<\/p><\/div>\n<\/div>\n<div class='clear'><\/div>\n<div class='grid_2 alpha'>\n<div id=\"attachment_3312\" style=\"width: 160px\" class=\"wp-caption alignnone\"><a href=\"http:\/\/bugatelier.eu\/wp-content\/uploads\/2017\/04\/coulisseau_refait.jpg\"><img aria-describedby=\"caption-attachment-3312\" decoding=\"async\" loading=\"lazy\" class=\"wp-image-3312 size-thumbnail\" src=\"http:\/\/bugatelier.eu\/wp-content\/uploads\/2017\/04\/coulisseau_refait-150x150.jpg\" alt=\"\" width=\"150\" height=\"150\" srcset=\"https:\/\/bugatelier.eu\/wp-content\/uploads\/2017\/04\/coulisseau_refait-150x150.jpg 150w, https:\/\/bugatelier.eu\/wp-content\/uploads\/2017\/04\/coulisseau_refait-125x125.jpg 125w\" sizes=\"(max-width: 150px) 100vw, 150px\" \/><\/a><p id=\"caption-attachment-3312\" class=\"wp-caption-text\">Coulisseau \u00e9br\u00e8ch\u00e9 en Zamac refabriqu\u00e9 en bronze<\/p><\/div>\n<\/div>\n<div class='grid_2 alpha'>\n<div id=\"attachment_3311\" style=\"width: 160px\" class=\"wp-caption alignnone\"><a href=\"http:\/\/bugatelier.eu\/wp-content\/uploads\/2017\/04\/aiguille_repusseau_refaite.jpg\"><img aria-describedby=\"caption-attachment-3311\" decoding=\"async\" loading=\"lazy\" class=\"wp-image-3311 size-thumbnail\" src=\"http:\/\/bugatelier.eu\/wp-content\/uploads\/2017\/04\/aiguille_repusseau_refaite-150x150.jpg\" alt=\"\" width=\"150\" height=\"150\" srcset=\"https:\/\/bugatelier.eu\/wp-content\/uploads\/2017\/04\/aiguille_repusseau_refaite-150x150.jpg 150w, https:\/\/bugatelier.eu\/wp-content\/uploads\/2017\/04\/aiguille_repusseau_refaite-125x125.jpg 125w\" sizes=\"(max-width: 150px) 100vw, 150px\" \/><\/a><p id=\"caption-attachment-3311\" class=\"wp-caption-text\">Aiguille de cadran refabriqu\u00e9e<\/p><\/div>\n<\/div>\n<div class='grid_2 alpha'>\n<div id=\"attachment_3130\" style=\"width: 160px\" class=\"wp-caption alignnone\"><a href=\"http:\/\/bugatelier.eu\/wp-content\/uploads\/2017\/04\/amortisseur_chassis.jpg\"><img aria-describedby=\"caption-attachment-3130\" decoding=\"async\" loading=\"lazy\" class=\"wp-image-3130 size-thumbnail\" src=\"http:\/\/bugatelier.eu\/wp-content\/uploads\/2017\/04\/amortisseur_chassis-150x150.jpg\" alt=\"\" width=\"150\" height=\"150\" srcset=\"https:\/\/bugatelier.eu\/wp-content\/uploads\/2017\/04\/amortisseur_chassis-150x150.jpg 150w, https:\/\/bugatelier.eu\/wp-content\/uploads\/2017\/04\/amortisseur_chassis-125x125.jpg 125w\" sizes=\"(max-width: 150px) 100vw, 150px\" \/><\/a><p id=\"caption-attachment-3130\" class=\"wp-caption-text\">Amortisseur \u00e0 friction remont\u00e9<\/p><\/div>\n<\/div>\n<div class='grid_2 alpha'>\n<div id=\"attachment_3333\" style=\"width: 160px\" class=\"wp-caption alignnone\"><a href=\"http:\/\/bugatelier.eu\/wp-content\/uploads\/2017\/04\/repusseau_remonte2.jpg\"><img aria-describedby=\"caption-attachment-3333\" decoding=\"async\" loading=\"lazy\" class=\"wp-image-3333 size-thumbnail\" src=\"http:\/\/bugatelier.eu\/wp-content\/uploads\/2017\/04\/repusseau_remonte2-150x150.jpg\" alt=\"\" width=\"150\" height=\"150\" srcset=\"https:\/\/bugatelier.eu\/wp-content\/uploads\/2017\/04\/repusseau_remonte2-150x150.jpg 150w, https:\/\/bugatelier.eu\/wp-content\/uploads\/2017\/04\/repusseau_remonte2-125x125.jpg 125w\" sizes=\"(max-width: 150px) 100vw, 150px\" \/><\/a><p id=\"caption-attachment-3333\" class=\"wp-caption-text\">Bouton et cadran de r\u00e9glage au tableau de bord<\/p><\/div>\n<\/div>\n<div class='grid_2 alpha'>\n<p><a href=\"http:\/\/bugatelier.eu\/wp-content\/uploads\/2017\/04\/repusseau_remonte.jpg\"><img decoding=\"async\" loading=\"lazy\" class=\"alignnone wp-image-3314 size-thumbnail\" src=\"http:\/\/bugatelier.eu\/wp-content\/uploads\/2017\/04\/repusseau_remonte-150x150.jpg\" alt=\"\" width=\"150\" height=\"150\" srcset=\"https:\/\/bugatelier.eu\/wp-content\/uploads\/2017\/04\/repusseau_remonte-150x150.jpg 150w, https:\/\/bugatelier.eu\/wp-content\/uploads\/2017\/04\/repusseau_remonte-125x125.jpg 125w\" sizes=\"(max-width: 150px) 100vw, 150px\" \/><\/a><\/p>\n<\/div>\n<div class='clear'><\/div>\n<p>&nbsp;<\/p>\n<div id=\"attachment_3145\" style=\"width: 310px\" class=\"wp-caption aligncenter\"><a href=\"http:\/\/bugatelier.eu\/wp-content\/uploads\/2017\/04\/remonte_tableau_bord-1.jpg\"><img aria-describedby=\"caption-attachment-3145\" decoding=\"async\" loading=\"lazy\" class=\"wp-image-3145 size-medium\" src=\"http:\/\/bugatelier.eu\/wp-content\/uploads\/2017\/04\/remonte_tableau_bord-1-300x225.jpg\" alt=\"\" width=\"300\" height=\"225\" srcset=\"https:\/\/bugatelier.eu\/wp-content\/uploads\/2017\/04\/remonte_tableau_bord-1-300x225.jpg 300w, https:\/\/bugatelier.eu\/wp-content\/uploads\/2017\/04\/remonte_tableau_bord-1-768x576.jpg 768w, https:\/\/bugatelier.eu\/wp-content\/uploads\/2017\/04\/remonte_tableau_bord-1-642x482.jpg 642w, https:\/\/bugatelier.eu\/wp-content\/uploads\/2017\/04\/remonte_tableau_bord-1.jpg 800w\" sizes=\"(max-width: 300px) 100vw, 300px\" \/><\/a><p id=\"caption-attachment-3145\" class=\"wp-caption-text\">Commande de t\u00e9l\u00e9r\u00e8glage remont\u00e9e sur le tableau de bord<\/p><\/div>\n<p style=\"text-align: left;\"><strong>Un amortissement r\u00e8glable d\u00e8s 1925!<\/strong><\/p>\n<p>La possibilit\u00e9 de r\u00e9gler l&#8217;amortissement \u00e0 partir du poste de pilotage est une option r\u00e9serv\u00e9e aux voitures de standing, m\u00eame de nos jours. Mais l&#8217;id\u00e9e ne date pas d&#8217;hier.<\/p>\n<p>En effet, en 1910 Fran\u00e7ois REPUSSEAU, fondateur de la soci\u00e9t\u00e9 REPUSSSEAU &amp; CIE \u00e0 Levallois Perret, rapporte une license d&#8217;amortisseur \u00e0 friction de son voyage aux USA. Armand DUFAUX, inventeur de l\u2019amortisseur t\u00e9l\u00e9r\u00e8glable, d\u00e9pose ses brevets en France et en Angleterre\u00a0 (1922\/1923). De l\u2019association de ces deux ing\u00e9nieurs naquit un syst\u00e8me de r\u00e9glage des amortisseurs \u00e0 friction \u00e0 partir du tableau de bord&#8230; le nec plus ultra de l&#8217;\u00e9poque.<\/p>\n<p>La restauration de ce m\u00e9canisme n&#8217;est pas ais\u00e9. Il a fallu refaire un certain nombre de pi\u00e8ces introuvables: arr\u00eats de c\u00e2ble, coulisseaux, agrafe de maintien de c\u00e2ble&#8230; Les couronnes dent\u00e9es, tr\u00e8s us\u00e9es, ont \u00e9t\u00e9 refabriqu\u00e9es en partenariat avec le Lyc\u00e9e du Haut-Barr \u00e0 Saverne et sa section de BTS en micro-m\u00e9canique.<\/p>\n","protected":false},"excerpt":{"rendered":"<p>&nbsp; Un amortissement r\u00e8glable d\u00e8s 1925! La possibilit\u00e9 de r\u00e9gler l&#8217;amortissement \u00e0 partir du poste de pilotage est une option r\u00e9serv\u00e9e aux voitures de standing, m\u00eame de nos jours. Mais l&#8217;id\u00e9e ne date pas d&#8217;hier. En effet, en 1910 Fran\u00e7ois REPUSSEAU, fondateur de la soci\u00e9t\u00e9 REPUSSSEAU &amp; CIE \u00e0 Levallois Perret, rapporte une license d&#8217;amortisseur [&hellip;]<\/p>\n","protected":false},"author":1,"featured_media":0,"parent":0,"menu_order":0,"comment_status":"closed","ping_status":"closed","template":"page-fullwidth.php","meta":[],"_links":{"self":[{"href":"https:\/\/bugatelier.eu\/index.php?rest_route=\/wp\/v2\/pages\/3127"}],"collection":[{"href":"https:\/\/bugatelier.eu\/index.php?rest_route=\/wp\/v2\/pages"}],"about":[{"href":"https:\/\/bugatelier.eu\/index.php?rest_route=\/wp\/v2\/types\/page"}],"author":[{"embeddable":true,"href":"https:\/\/bugatelier.eu\/index.php?rest_route=\/wp\/v2\/users\/1"}],"replies":[{"embeddable":true,"href":"https:\/\/bugatelier.eu\/index.php?rest_route=%2Fwp%2Fv2%2Fcomments&post=3127"}],"version-history":[{"count":29,"href":"https:\/\/bugatelier.eu\/index.php?rest_route=\/wp\/v2\/pages\/3127\/revisions"}],"predecessor-version":[{"id":3310,"href":"https:\/\/bugatelier.eu\/index.php?rest_route=\/wp\/v2\/pages\/3127\/revisions\/3310"}],"wp:attachment":[{"href":"https:\/\/bugatelier.eu\/index.php?rest_route=%2Fwp%2Fv2%2Fmedia&parent=3127"}],"curies":[{"name":"wp","href":"https:\/\/api.w.org\/{rel}","templated":true}]}}