{"id":3102,"date":"2017-04-07T06:48:19","date_gmt":"2017-04-07T06:48:19","guid":{"rendered":"http:\/\/bugatelier.eu\/?page_id=3102"},"modified":"2019-02-07T17:35:45","modified_gmt":"2019-02-07T17:35:45","slug":"bugatti-brescia","status":"publish","type":"page","link":"https:\/\/bugatelier.eu\/?page_id=3102","title":{"rendered":"Bugatti Type 23 Brescia"},"content":{"rendered":"<div class='grid_4 alpha'>\n<p><strong>Sortie de l&#8217;atelier .&nbsp;<\/strong> Les soucis de magn\u00e9to \u00e9tant r\u00e9gl\u00e9s, le propri\u00e9taire se propose de faire l&#8217;essai sur route ! En effet,&nbsp; le plaisir de rouler n&#8217;a pas d&#8217;\u00e2ge.<\/p>\n<\/div>\n<div class='grid_8 alpha'>\n<div style=\"width: 640px;\" class=\"wp-video\"><!--[if lt IE 9]><script>document.createElement('video');<\/script><![endif]-->\n<video class=\"wp-video-shortcode\" id=\"video-3102-1\" width=\"640\" height=\"427\" preload=\"metadata\" controls=\"controls\"><source type=\"video\/mp4\" src=\"http:\/\/bugatelier.eu\/wp-content\/uploads\/2017\/04\/sortie-Brescia.mp4?_=1\" \/><a href=\"http:\/\/bugatelier.eu\/wp-content\/uploads\/2017\/04\/sortie-Brescia.mp4\">http:\/\/bugatelier.eu\/wp-content\/uploads\/2017\/04\/sortie-Brescia.mp4<\/a><\/video><\/div>\n<p>&nbsp;<\/p>\n<\/div>\n<div class='clear'><\/div>\n","protected":false},"excerpt":{"rendered":"<p>Sortie de l&#8217;atelier .&nbsp; Les soucis de magn\u00e9to \u00e9tant r\u00e9gl\u00e9s, le propri\u00e9taire se propose de faire l&#8217;essai sur route ! En effet,&nbsp; le plaisir de rouler n&#8217;a pas d&#8217;\u00e2ge. &nbsp;<\/p>\n","protected":false},"author":1,"featured_media":0,"parent":0,"menu_order":0,"comment_status":"closed","ping_status":"closed","template":"page-fullwidth.php","meta":[],"_links":{"self":[{"href":"https:\/\/bugatelier.eu\/index.php?rest_route=\/wp\/v2\/pages\/3102"}],"collection":[{"href":"https:\/\/bugatelier.eu\/index.php?rest_route=\/wp\/v2\/pages"}],"about":[{"href":"https:\/\/bugatelier.eu\/index.php?rest_route=\/wp\/v2\/types\/page"}],"author":[{"embeddable":true,"href":"https:\/\/bugatelier.eu\/index.php?rest_route=\/wp\/v2\/users\/1"}],"replies":[{"embeddable":true,"href":"https:\/\/bugatelier.eu\/index.php?rest_route=%2Fwp%2Fv2%2Fcomments&post=3102"}],"version-history":[{"count":8,"href":"https:\/\/bugatelier.eu\/index.php?rest_route=\/wp\/v2\/pages\/3102\/revisions"}],"predecessor-version":[{"id":4906,"href":"https:\/\/bugatelier.eu\/index.php?rest_route=\/wp\/v2\/pages\/3102\/revisions\/4906"}],"wp:attachment":[{"href":"https:\/\/bugatelier.eu\/index.php?rest_route=%2Fwp%2Fv2%2Fmedia&parent=3102"}],"curies":[{"name":"wp","href":"https:\/\/api.w.org\/{rel}","templated":true}]}}