{"id":1612,"date":"2015-02-22T19:36:14","date_gmt":"2015-02-22T19:36:14","guid":{"rendered":"http:\/\/bugatelier.eu\/?page_id=1612"},"modified":"2016-01-11T21:58:25","modified_gmt":"2016-01-11T21:58:25","slug":"who-we-are","status":"publish","type":"page","link":"https:\/\/bugatelier.eu\/?page_id=1612","title":{"rendered":"Who we are"},"content":{"rendered":"<p>Documents and photographs published on this site are protected by copyright \u00a9 They may not be reproduced without the express permission of the author.<\/p>\n<hr \/>\n<div class='grid_6 alpha'>\n<h3>Directeur de publication<\/h3>\n<p>Christian SCHANN, rue des Perdrix 67205 OBERHAUSBERGEN<\/p>\n<h3>Cr\u00e9dits photographiques<\/h3>\n<p>Fr\u00e9d\u00e9ric BAJARD, Op der Ton, L6188 Gonderange Luxembourg<br \/>\nBarbara CORDIALE <a href=\"http:\/\/www.barbara-cordiale.com\" target=\"_blank\">http:\/\/www.barbara-cordiale.com<\/a><\/p>\n<h3>Site Internet<\/h3>\n<p>The web site bugatelier.eu is hosted by <a href=\"https:\/\/www.ovh.com\/fr\/support\/documents_legaux\/\" target=\"_blank\">OVH<\/a><br \/>\nHe&#8217;s powered by the wordpress theme <a href=\"http:\/\/www.cudazi.com\/\" target=\"_blank\">Cudazi<\/a><\/p>\n<\/div>\n<div class='grid_6 omega'>\n<h3>L&#8217;entreprise<\/h3>\n<p>Bugatelier is a listed company in Strasbourg trade register<\/p>\n<h3>Our partners<\/h3>\n<p><a href=\"http:\/\/www.enthousiastes-bugatti-alsace.com\/\" target=\"_blank\"><img decoding=\"async\" loading=\"lazy\" class=\"alignnone wp-image-1273 size-full\" src=\"http:\/\/bugatelier.eu\/wp-content\/uploads\/2015\/02\/pt_logoEBA.png\" alt=\"pt_logoEBA\" width=\"100\" height=\"59\" \/><\/a> <a href=\"http:\/\/www.bugattipage.com\/\" target=\"_blank\"><img decoding=\"async\" loading=\"lazy\" class=\"alignnone wp-image-1567 size-full\" src=\"http:\/\/bugatelier.eu\/wp-content\/uploads\/2015\/02\/bugattipage.png\" alt=\"bugattipage\" width=\"100\" height=\"31\" \/><\/a><a href=\"http:\/\/www.bugattiaircraft.com\" target=\"_blank\"><img decoding=\"async\" loading=\"lazy\" class=\"alignnone wp-image-1566 size-full\" src=\"http:\/\/bugatelier.eu\/wp-content\/uploads\/2015\/02\/bugatti_aircraft.png\" alt=\"bugatti_aircraft\" width=\"100\" height=\"100\" \/><\/a> <a href=\"http:\/\/www.bugattirevue.com\" target=\"_blank\"><img decoding=\"async\" loading=\"lazy\" class=\"alignnone wp-image-1565 size-full\" src=\"http:\/\/bugatelier.eu\/wp-content\/uploads\/2015\/02\/the_bugatti_revue.png\" alt=\"the_bugatti_revue\" width=\"150\" height=\"33\" \/><\/a><\/p>\n<h3>Nous sommes pr\u00e9sents sur les r\u00e9seaux sociaux<\/h3>\n\r\n<a href='#custom-link' class='social-icon' title='Add a hover title!'><img src='https:\/\/bugatelier.eu\/wp-content\/themes\/mono\/images\/social_icons\/picons03.png' alt='Add a hover title!' \/><\/a>\r\n<a href='#custom-link' class='social-icon' title='Add a hover title!'><img src='https:\/\/bugatelier.eu\/wp-content\/themes\/mono\/images\/social_icons\/picons05.png' alt='Add a hover title!' \/><\/a>\r\n<a href='#custom-link' class='social-icon' title='Add a hover title!'><img src='https:\/\/bugatelier.eu\/wp-content\/themes\/mono\/images\/social_icons\/picons06.png' alt='Add a hover title!' \/><\/a>\r\n<a href='#custom-link' class='social-icon' title='Add a hover title!'><img src='https:\/\/bugatelier.eu\/wp-content\/themes\/mono\/images\/social_icons\/picons07.png' alt='Add a hover title!' \/><\/a>\r\n<a href='#custom-link' class='social-icon' title='Add a hover title!'><img src='https:\/\/bugatelier.eu\/wp-content\/themes\/mono\/images\/social_icons\/picons09.png' alt='Add a hover title!' \/><\/a>\r\n<\/div>\n","protected":false},"excerpt":{"rendered":"<p>Documents and photographs published on this site are protected by copyright \u00a9 They may not be reproduced without the express permission of the author. Directeur de publication Christian SCHANN, rue des Perdrix 67205 OBERHAUSBERGEN Cr\u00e9dits photographiques Fr\u00e9d\u00e9ric BAJARD, Op der Ton, L6188 Gonderange Luxembourg Barbara CORDIALE http:\/\/www.barbara-cordiale.com Site Internet The web site bugatelier.eu is hosted [&hellip;]<\/p>\n","protected":false},"author":1,"featured_media":0,"parent":1602,"menu_order":0,"comment_status":"closed","ping_status":"closed","template":"page-fullwidth.php","meta":[],"_links":{"self":[{"href":"https:\/\/bugatelier.eu\/index.php?rest_route=\/wp\/v2\/pages\/1612"}],"collection":[{"href":"https:\/\/bugatelier.eu\/index.php?rest_route=\/wp\/v2\/pages"}],"about":[{"href":"https:\/\/bugatelier.eu\/index.php?rest_route=\/wp\/v2\/types\/page"}],"author":[{"embeddable":true,"href":"https:\/\/bugatelier.eu\/index.php?rest_route=\/wp\/v2\/users\/1"}],"replies":[{"embeddable":true,"href":"https:\/\/bugatelier.eu\/index.php?rest_route=%2Fwp%2Fv2%2Fcomments&post=1612"}],"version-history":[{"count":2,"href":"https:\/\/bugatelier.eu\/index.php?rest_route=\/wp\/v2\/pages\/1612\/revisions"}],"predecessor-version":[{"id":2444,"href":"https:\/\/bugatelier.eu\/index.php?rest_route=\/wp\/v2\/pages\/1612\/revisions\/2444"}],"up":[{"embeddable":true,"href":"https:\/\/bugatelier.eu\/index.php?rest_route=\/wp\/v2\/pages\/1602"}],"wp:attachment":[{"href":"https:\/\/bugatelier.eu\/index.php?rest_route=%2Fwp%2Fv2%2Fmedia&parent=1612"}],"curies":[{"name":"wp","href":"https:\/\/api.w.org\/{rel}","templated":true}]}}